101101001000011 - 111111?
1101101101101000000100
In base 12, what is -568 + -1028?
-1594
In base 10, what is -566601 + -158?
-566759
In base 14, what is -117255 - 9?
-117260
In base 10, what is -10215 - -237?
-9978
In base 3, what is 1220012 - 10111002?
-1120220
In base 15, what is -83e52 - -a2?
-83da0
In base 7, what is -432 - 1606632?
-1610364
In base 6, what is 14121 + 104520?
123041
In base 11, what is -13477198 - -2?
-13477196
In base 5, what is -14220202 + -2014?
-14222221
In base 9, what is -256833727 + 2?
-256833725
In base 7, what is 154 - 2662504?
-2662320
In base 8, what is 361 - 101257?
-100676
In base 2, what is 1 - 1110001110000111110001110010?
-1110001110000111110001110001
In base 4, what is 0 + 203213200?
203213200
In base 6, what is 5410 - 22102151?
-22052341
In base 3, what is 211112002201102 - -222?
211112002202101
In base 2, what is 100110101000 - 1101111001?
11000101111
In base 8, what is -5 + -11013642?
-11013647
In base 2, what is 100110111000010010 - 1001010011?
100110101110111111
In base 2, what is -10001100101001111000110 + -100?
-10001100101001111001010
In base 14, what is -101507d - 19?
-1015098
In base 2, what is -1110001111110 - -10101010110001010?
10011100100001100
In base 5, what is -4011111011 - -1013?
-4011104443
In base 15, what is 101 + 280e6?
281e7
In base 5, what is 24330 - -40010?
114340
In base 10, what is -367 + 142350?
141983
In base 2, what is -100010101 + 100100010101011000?
100100010001000011
In base 16, what is -3 - -102c220?
102c21d
In base 9, what is -163427516 + 1?
-163427515
In base 9, what is -31615 + -414?
-32130
In base 11, what is -3236203 - -3?
-3236200
In base 11, what is -1 - -573884?
573883
In base 3, what is -2 - -2000211101101?
2000211101022
In base 13, what is -75 + -342c1?
-34366
In base 16, what is 1b7a5a25 - 1?
1b7a5a24
In base 3, what is 10110020122000001210 + 10?
10110020122000001220
In base 9, what is 1 - -110506356?
110506357
In base 10, what is -17404 + -12432?
-29836
In base 5, what is 421 + 1203200020?
1203200441
In base 12, what is -23996 + 4?
-23992
In base 6, what is 5 - 4323055130?
-4323055121
In base 5, what is 124 - 23001024?
-23000400
In base 6, what is 35 - -3141450000?
3141450035
In base 7, what is 204206242 - 12?
204206230
In base 5, what is 0 - -111144322330?
111144322330
In base 3, what is 11 - 2021221222221000?
-2021221222220212
In base 2, what is -10011011101 + -1101100111011100?
-1101111010111001
In base 13, what is -3 - -23c7aa7?
23c7aa4
In base 2, what is 100000101101100100000111000 - 0?
100000101101100100000111000
In base 12, what is -3 - bb0643?
-bb0646
In base 15, what is 5 + -301870e?
-3018709
In base 11, what is 1a9 - 157837?
-157639
In base 3, what is -2000220111020221122 - 10?
-2000220111020221202
In base 7, what is -4 + 114564661?
114564654
In base 9, what is -2362 - 7433?
-10805
In base 3, what is 22222221000211 - 0?
22222221000211
In base 5, what is -243101340 + -114?
-243102004
In base 12, what is -4bbaa94 - 0?
-4bbaa94
In base 16, what is -2a8f5 + -88?
-2a97d
In base 10, what is -188059 - 27?
-188086
In base 10, what is -134780 + 73?
-134707
In base 16, what is b - -d9bd2f?
d9bd3a
In base 15, what is 32 + 33de43?
33de75
In base 16, what is 1cbaa - 58?
1cb52
In base 7, what is -10023564645 + 2?
-10023564643
In base 7, what is -62012601 - -1?
-62012600
In base 11, what is 1a - 341843?
-341824
In base 13, what is -659 + -23b59?
-244b5
In base 13, what is -2986b27 + 29?
-2986acb
In base 10, what is 94 - 526004?
-525910
In base 14, what is -2432 - -191d?
-913
In base 13, what is 48050c - 10?
4804cc
In base 13, what is 1015a + 169?
102c6
In base 3, what is 10 + -22000200120220?
-22000200120210
In base 4, what is 10132210121 + -1332?
10132202123
In base 15, what is -29e70 + -54?
-29ec4
In base 12, what is -13 + 273a914?
273a901
In base 9, what is 35246662 - -6?
35246668
In base 14, what is 6ab13bac - 5?
6ab13ba7
In base 14, what is -84 + 1612c?
16088
In base 8, what is -6 - 22577512?
-22577520
In base 16, what is 3084cd3 + -17?
3084cbc
In base 6, what is -133053213 - -43?
-133053130
In base 10, what is -3 - 8380042?
-8380045
In base 12, what is 1aaa03a + 0?
1aaa03a
In base 9, what is -234488 + 50?
-234438
In base 3, what is 22222102 - 20002?
22202100
In base 6, what is -341 + 142322422?
142322041
In base 3, what is -10222201020111 + 21220?
-10222200221121
In base 10, what is 2 - 188934576?
-188934574
In base 10, what is -5 + 12530277?
12530272
In base 2, what is -10001101100111011011110 - -100011?
-10001101100111010111011
In base 16, what is -a8fedf3 - 0?
-a8fedf3
In base 6, what is -1411412 - 10045?
-1421501
In base 10, what is 2211 + 1765?
3976
In base 3, what is -11022 - 200002011102?
-200002022201
In base 13, what is 4 + 109c51?
109c55
In base 10, what is -4 + -5646142?
-5646146
In base 12, what is 3 - 218aab59?
-218aab56
In base 10, what is -25229 - -7061?
-18168
In base 4, what is 2031122332030 + 12?
2031122332102
In base 12, what is -883b8 + 1?
-883b7
In base 10, what is -4 + 8099724?
8099720
In base 16, what is 1acd0 - ce?
1ac02
In base 9, what is -1 + 51682140?
51682138
In base 6, what is 34144 + 111431?
150015
In base 11, what is -128 + -14081?
-141a9
In base 15, what is 0 - 2e951db?
-2e951db
In base 13, what is -9b4a - 12005?
-1bb52
In base 6, what is -3030 - -311101?
304031
In base 4, what is 10 + 302310311120?
302310311130
In base 11, what is -36846826 - 0?
-36846826
In base 11, what is 5389875 - -4?
5389879
In base 7, what is 642452 + -16?
642433
In base 6, what is -450112 - 2503?
-453015
In base 10, what is -2 - -7986375?
7986373
In base 14, what is a5b2b + -68?
a5aa3
In base 13, what is 5 + 8c810a?
8c8112
In base 5, what is -24422124423 + 2?
-24422124421
In base 8, what is 1 - -110200326?
110200327
In base 7, what is 20352610 - 12?
20352565
In base 4, what is 22 + 123200210?
123200232
In base 8, what is -402757 + 21776?
-360761
In base 9, what is 43 - 1221250?
-1221206
In base 5, what is -103040242330 - 2?
-103040242332
In base 14, what is -2 + 99724?
99722
In base 3, what is 1102220200102022 - 0?
1102220200102022
In base 6, what is -11312123211 + 5?
-11312123202
In base 9, what is 43806 + -342?
43454
In base 5, what is -4 - 122002443?
-122003002
In base 9, what is 635065 + -23?
635042
In base 14, what is -1b - 1582246?
-1582263
In base 7, what is 11041635442 - -5?
11041635450
In base 12, what is 3 + 21738a2?
21738a5
In base 10, what is 20 + 18897195?
18897215
In base 11, what is 6828021 - 3?
6828019
In base 3, what is 2202010 - 10002000?
-22220
In base 5, what is 1043 - -1012214?
1013312
In base 16, what is -d525f0f - 1?
-d525f10
In base 5, what is 42040 + 2013222?
2110312
In base 4, what is -12222003 + -31131?
-12313200
In base 5, what is -11412133140 - -4?
-11412133131
In base 15, what is -3 - 2e7d648?
-2e7d64b
In base 14, what is c9871a - 5?
c98715
In base 2, what is 1100011010 - 11101011100111?
-11011111001101
In base 4, what is -22 - 312201101103?
-312201101131
In base 3, what is 122210 + 102202100?
110102010
In base 13, what is 17c79621 - 4?
17c7961a
In base 7, what is -114021335 + 14?
-114021321
In base 16, what is 146c0735 + 3?
146c0738
In base 7, what is 160253 - -1516?
162102
In base 9, what is 54 - -36585?
36650
In base 10, what is 8500 + -79806?
-71306
In base 16, what is -bf1c0a + 4?
-bf1c06
In base 7, what is 12541 - -5263?
21134
In base 5, what is 302011022 + 1012?
302012034
In base 7, what is -11246 + -3412?
-14661
In base 8, what is -35 + -3000621?
-3000656
In base 6, what is -315354521 + 15?
-315354502
In base 14, what is 4 - 51bb0?
-51baa
In base 6, what is 3 - -35451533?
35451540
In base 13, what is 16b03c + 14?
16b053
In base 6, what is -4445 - -111040?
102151
In base 9, what is -1738780 - 7?
-1738787
In base 2, what is -100111001000 - -100111101011101?
100010110010101
In base 9, what is -3 + -27315611?
-27315614
In base 3, what is 21220101012001011 - 12?
21220101012000222
In base 15, what is 2 - 19398ce6?
-19398ce4
In base 12, what is -5916 + 576?
-5360
In base 7, what is -226 + 652623?
652364
In base 9, what is 6313778 + -1?
6313777
In base 3, what is 11002010102012 - -1?
11002010102020
In base 12, what is -20399a45 + 5?
-20399a40
In base 6, what is 1010 + 15021?
20031
In base 13, what is 2c - -47c6a8?
47c70